 58.
58
What is the greatest common divisor of 1258 and 51?
17
What is the greatest common factor of 391 and 459?
17
Calculate the greatest common divisor of 216 and 64.
8
What is the greatest common divisor of 2905 and 83?
83
Calculate the highest common factor of 116 and 44.
4
What is the highest common factor of 6 and 9?
3
What is the highest common factor of 114 and 4218?
114
What is the highest common divisor of 76 and 1102?
38
Calculate the highest common factor of 544 and 32.
32
Calculate the highest common divisor of 14 and 2408.
14
Calculate the greatest common factor of 272 and 56.
8
Calculate the highest common divisor of 36 and 156.
12
What is the highest common divisor of 7 and 224?
7
Calculate the greatest common factor of 1573 and 363.
121
Calculate the greatest common factor of 25986 and 366.
366
Calculate the highest common factor of 17088 and 267.
267
What is the highest common factor of 285 and 885?
15
What is the highest common divisor of 621 and 184?
23
What is the highest common divisor of 8076 and 192?
12
Calculate the greatest common factor of 112 and 8316.
28
Calculate the greatest common factor of 1612 and 572.
52
What is the greatest common divisor of 8526 and 294?
294
What is the greatest common divisor of 115 and 437?
23
Calculate the highest common factor of 13 and 767.
13
Calculate the highest common divisor of 132 and 14124.
132
Calculate the greatest common divisor of 11 and 253.
11
Calculate the highest common divisor of 13 and 4.
1
What is the greatest common divisor of 168 and 280?
56
Calculate the highest common factor of 1133 and 143.
11
What is the highest common factor of 35 and 365?
5
Calculate the highest common factor of 102 and 2091.
51
What is the highest common divisor of 91 and 40859?
91
What is the greatest common factor of 536 and 32?
8
Calculate the highest common factor of 95 and 10355.
95
Calculate the highest common factor of 48 and 3184.
16
What is the greatest common factor of 23 and 1219?
23
Calculate the highest common divisor of 54 and 1602.
18
Calculate the highest common factor of 820 and 8528.
164
Calculate the highest common divisor of 426 and 1562.
142
Calculate the highest common factor of 450 and 40.
10
Calculate the highest common divisor of 31624 and 354.
118
What is the greatest common divisor of 1735 and 347?
347
What is the highest common divisor of 19 and 2489?
19
Calculate the highest common divisor of 49 and 1939.
7
What is the greatest common factor of 54 and 9774?
54
Calculate the highest common divisor of 1944 and 224.
8
Calculate the highest common divisor of 130 and 14898.
26
What is the greatest common factor of 1 and 99?
1
Calculate the highest common factor of 21867 and 74.
37
Calculate the greatest common factor of 14 and 3227.
7
Calculate the greatest common factor of 2 and 1994.
2
Calculate the greatest common divisor of 28 and 252.
28
What is the highest common divisor of 20600 and 600?
200
Calculate the highest common factor of 168 and 3402.
42
What is the greatest common factor of 6 and 258?
6
Calculate the highest common divisor of 1408 and 3696.
176
What is the greatest common factor of 67 and 9983?
67
What is the highest common divisor of 2 and 866?
2
Calculate the highest common divisor of 130 and 990.
10
Calculate the greatest common factor of 250 and 150.
50
What is the highest common divisor of 9849 and 1206?
201
Calculate the greatest common divisor of 246 and 12.
6
Calculate the highest common factor of 96 and 256.
32
What is the highest common factor of 1455 and 97?
97
Calculate the greatest common divisor of 25 and 135.
5
Calculate the greatest common factor of 21 and 1757.
7
What is the highest common divisor of 22722 and 7?
7
What is the highest common divisor of 1280 and 192?
64
Calculate the greatest common divisor of 130 and 50.
10
What is the greatest common factor of 57 and 57?
57
Calculate the greatest common factor of 66 and 25509.
33
What is the highest common factor of 408 and 6392?
136
What is the greatest common factor of 255 and 15?
15
Calculate the highest common factor of 3162 and 1860.
186
What is the greatest common divisor of 4121 and 13?
13
Calculate the highest common divisor of 639 and 10011.
213
What is the highest common divisor of 26205 and 45?
15
Calculate the highest common factor of 142 and 5751.
71
What is the greatest common factor of 931 and 76?
19
What is the highest common factor of 675 and 50?
25
What is the greatest common factor of 10 and 3230?
10
Calculate the highest common divisor of 86 and 30444.
86
Calculate the greatest common divisor of 1356 and 1200.
12
Calculate the highest common divisor of 132 and 2079.
33
Calculate the greatest common factor of 40 and 504.
8
Calculate the highest common factor of 22190 and 140.
70
Calculate the greatest common factor of 99 and 117.
9
What is the greatest common factor of 575 and 46?
23
Calculate the highest common factor of 7560 and 1120.
280
Calculate the highest common factor of 4428 and 123.
123
Calculate the greatest common divisor of 190 and 80.
10
What is the greatest common factor of 22 and 1969?
11
What is the greatest common factor of 1859 and 845?
169
Calculate the highest common divisor of 9 and 1251.
9
What is the highest common divisor of 2650 and 10?
10
Calculate the greatest common factor of 136 and 187.
17
Calculate the highest common factor of 207 and 153.
9
What is the highest common factor of 196 and 39004?
196
Calculate the highest common divisor of 1524 and 36.
12
Calculate the greatest common divisor of 12 and 2196.
12
What is the highest common factor of 264 and 990?
66
Calculate the greatest common divisor of 38 and 4.
2
What is the greatest common factor of 230 and 50?
10
Calculate the highest common factor of 73 and 146.
73
What is the highest common divisor of 6125 and 525?
175
What is the greatest common factor of 3 and 2283?
3
Calculate the highest common factor of 896 and 84.
28
What is the highest common divisor of 163 and 36186?
163
Calculate the highest common divisor of 50 and 6275.
25
Calculate the greatest common factor of 216 and 18036.
108
Calculate the highest common factor of 266 and 2261.
133
Calculate the highest common factor of 230 and 11086.
46
What is the highest common factor of 20 and 32?
4
Calculate the highest common factor of 416 and 156.
52
What is the greatest common factor of 232 and 899?
29
What is the highest common divisor of 946 and 242?
22
Calculate the greatest common divisor of 4 and 34.
2
Calculate the highest common factor of 798 and 154.
14
What is the highest common divisor of 164 and 7708?
164
What is the highest common factor of 132 and 14190?
66
Calculate the highest common factor of 60 and 200.
20
Calculate the highest common divisor of 54 and 1323.
27
What is the greatest common factor of 630 and 5796?
126
What is the highest common factor of 66 and 132?
66
What is the greatest common divisor of 117 and 45?
9
What is the highest common factor of 70 and 84?
14
What is the greatest common divisor of 120 and 48?
24
Calculate the highest common factor of 4606 and 1034.
94
Calculate the highest common divisor of 24 and 60.
12
Calculate the greatest common divisor of 7900 and 15.
5
What is the greatest common factor of 117 and 8541?
117
What is the highest common factor of 9196 and 19?
19
What is the greatest common factor of 6 and 121?
1
What is the greatest common factor of 56 and 1512?
56
Calculate the greatest common factor of 2240 and 980.
140
What is the highest common factor of 15 and 65?
5
What is the greatest common divisor of 1 and 27?
1
What is the greatest common factor of 8909 and 453?
151
What is the greatest common factor of 90 and 10332?
18
Calculate the greatest common divisor of 3 and 12.
3
What is the highest common divisor of 30 and 930?
30
Calculate the greatest common factor of 9 and 225.
9
Calculate the greatest common factor of 8 and 38.
2
What is the highest common divisor of 28 and 448?
28
Calculate the greatest common divisor of 35 and 5.
5
What is the highest common divisor of 250 and 20?
10
Calculate the greatest common divisor of 61 and 305.
61
Calculate the greatest common factor of 893 and 19.
19
What is the highest common factor of 217 and 124?
31
Calculate the highe